t are the prime factors of 23032?
2, 2879
What are the prime factors of 1149?
3, 383
What are the prime factors of 75441?
3, 25147
What are the prime factors of 1531?
1531
List the prime factors of 10296.
2, 3, 11, 13
What are the prime factors of 1186?
2, 593
What are the prime factors of 4134?
2, 3, 13, 53
What are the prime factors of 10503?
3, 389
What are the prime factors of 8346?
2, 3, 13, 107
What are the prime factors of 169458?
2, 3, 61, 463
List the prime factors of 573.
3, 191
List the prime factors of 554.
2, 277
List the prime factors of 1837.
11, 167
What are the prime factors of 1497?
3, 499
List the prime factors of 89981.
17, 67, 79
List the prime factors of 458.
2, 229
List the prime factors of 10351.
11, 941
What are the prime factors of 502?
2, 251
List the prime factors of 163017.
3, 59, 307
What are the prime factors of 98?
2, 7
List the prime factors of 10462.
2, 5231
List the prime factors of 22701.
3, 7, 23, 47
What are the prime factors of 673?
673
What are the prime factors of 4829?
11, 439
What are the prime factors of 176285?
5, 35257
What are the prime factors of 83688?
2, 3, 11, 317
What are the prime factors of 28765?
5, 11, 523
What are the prime factors of 4079?
4079
List the prime factors of 24463.
17, 1439
What are the prime factors of 58282?
2, 7, 23, 181
What are the prime factors of 31774?
2, 15887
List the prime factors of 1951.
1951
List the prime factors of 1724.
2, 431
List the prime factors of 18783.
3, 2087
What are the prime factors of 2748?
2, 3, 229
What are the prime factors of 132162?
2, 3, 22027
List the prime factors of 1023.
3, 11, 31
What are the prime factors of 98638?
2, 149, 331
What are the prime factors of 107358?
2, 3, 29, 617
List the prime factors of 817.
19, 43
List the prime factors of 1037.
17, 61
What are the prime factors of 32004?
2, 3, 7, 127
List the prime factors of 2098.
2, 1049
What are the prime factors of 4220?
2, 5, 211
What are the prime factors of 19404?
2, 3, 7, 11
List the prime factors of 5201.
7, 743
What are the prime factors of 4671?
3, 173
What are the prime factors of 1477?
7, 211
List the prime factors of 887.
887
What are the prime factors of 97698?
2, 3, 19, 857
What are the prime factors of 4470?
2, 3, 5, 149
What are the prime factors of 115?
5, 23
List the prime factors of 28109.
28109
List the prime factors of 5414.
2, 2707
List the prime factors of 28293.
3, 9431
List the prime factors of 38225.
5, 11, 139
What are the prime factors of 855?
3, 5, 19
List the prime factors of 111565.
5, 53, 421
What are the prime factors of 1447?
1447
What are the prime factors of 544?
2, 17
List the prime factors of 3015.
3, 5, 67
What are the prime factors of 1640?
2, 5, 41
List the prime factors of 3216.
2, 3, 67
What are the prime factors of 2150?
2, 5, 43
List the prime factors of 450.
2, 3, 5
What are the prime factors of 118365?
3, 5, 13, 607
What are the prime factors of 15064?
2, 7, 269
List the prime factors of 185.
5, 37
What are the prime factors of 12964?
2, 7, 463
List the prime factors of 149.
149
What are the prime factors of 1387?
19, 73
List the prime factors of 3062.
2, 1531
List the prime factors of 1425.
3, 5, 19
What are the prime factors of 6021?
3, 223
What are the prime factors of 1562?
2, 11, 71
What are the prime factors of 31701?
3, 10567
List the prime factors of 38801.
7, 23, 241
List the prime factors of 25285.
5, 13, 389
List the prime factors of 2879.
2879
What are the prime factors of 48540?
2, 3, 5, 809
What are the prime factors of 23292?
2, 3, 647
List the prime factors of 52385.
5, 10477
What are the prime factors of 389?
389
List the prime factors of 7106.
2, 11, 17, 19
What are the prime factors of 34410?
2, 3, 5, 31, 37
What are the prime factors of 806?
2, 13, 31
List the prime factors of 571.
571
List the prime factors of 8469.
3, 941
List the prime factors of 5136.
2, 3, 107
List the prime factors of 4083.
3, 1361
List the prime factors of 2313.
3, 257
List the prime factors of 105269.
105269
List the prime factors of 241.
241
List the prime factors of 6436.
2, 1609
What are the prime factors of 24902?
2, 12451
List the prime factors of 9979.
17, 587
List the prime factors of 13827.
3, 11, 419
List the prime factors of 1296.
2, 3
List the prime factors of 3379.
31, 109
What are the prime factors of 5636?
2, 1409
List the prime factors of 3662.
2, 1831
List the prime factors of 56334.
2, 3, 41, 229
List the prime factors of 5209.
5209
What are the prime factors of 464?
2, 29
List the prime factors of 15626.
2, 13, 601
What are the prime factors of 25505?
5, 5101
List the prime factors of 16684.
2, 43, 97
What are the prime factors of 1425?
3, 5, 19
What are the prime factors of 101544?
2, 3, 4231
List the prime factors of 312.
2, 3, 13
List the prime factors of 1736.
2, 7, 31
What are the prime factors of 867?
3, 17
List the prime factors of 727.
727
What are the prime factors of 36332?
2, 31, 293
What are the prime factors of 2781?
3, 103
What are the prime factors of 37?
37
List the prime factors of 187137.
3, 29, 239
List the prime factors of 88771.
88771
What are the prime factors of 3024?
2, 3, 7
What are the prime factors of 1138?
2, 569
What are the prime factors of 8341?
19, 439
What are the prime factors of 55438?
2, 53, 523
List the prime factors of 19293.
3, 59, 109
What are the prime factors of 801?
3, 89
What are the prime factors of 75867?
3, 11, 19
What are the prime factors of 140515?
5, 157, 179
List the prime factors of 1333.
31, 43
What are the prime factors of 62918?
2, 163, 193
List the prime factors of 3982.
2, 11, 181
List the prime factors of 3054.
2, 3, 509
List the prime factors of 1297.
1297
What are the prime factors of 86968?
2, 7, 1553
List the prime factors of 1267.
7, 181
What are the prime factors of 41491?
41491
List the prime factors of 5975.
5, 239
What are the prime factors of 37240?
2, 5, 7, 19
List the prime factors of 59529.
3, 19843
What are the prime factors of 3235?
5, 647
List the prime factors of 20546.
2, 10273
List the prime factors of 20964.
2, 3, 1747
List the prime factors of 35943.
3, 11981
What are the prime factors of 12650?
2, 5, 11, 23
List the prime factors of 27267.
3, 61, 149
What are the prime factors of 10787?
7, 23, 67
What are the prime factors of 501?
3, 167
What are the prime factors of 2932?
2, 733
List the prime factors of 3566.
2, 1783
List the prime factors of 49675.
5, 1987
What are the prime factors of 211?
211
List the prime factors of 673.
673
What are the prime factors of 3727?
3727
What are the prime factors of 15708?
2, 3, 7, 11, 17
What are the prime factors of 17579?
17579
What are the prime factors of 184?
2, 23
What are the prime factors of 5000?
2, 5
List the prime factors of 32251.
32251
List the prime factors of 14970.
2, 3, 5, 499
List the prime factors of 9537.
3, 11, 17
What are the prime factors of 19682?
2, 13, 757
What are the prime factors of 1071?
3, 7, 17
What are the prime factors of 3040?
2, 5, 19
What are the prime factors of 16458?
2, 3, 13, 211
List the prime factors of 3335.
5, 23, 29
List the prime factors of 8303.
19, 23
What are the prime factors of 3661?
7, 523
What are the prime factors of 62716?
2, 15679
List the prime factors of 10421.
17, 613
What are the prime factors of 35621?
179, 199
List the prime factors of 4141.
41, 101
What are the prime factors of 3770?
2, 5, 13, 29
List the prime factors of 143.
11, 13
What are the prime factors of 673?
673
List the prime factors of 1360.
2, 5, 17
List the prime factors of 83167.
7, 109
List the prime factors of 1325.
5, 53
List the prime factors of 9422.
2, 7, 673
What are the prime factors of 22991?
83, 277
List the prime factors of 3066.
2, 3, 7, 73
What are the prime factors of 21397?
21397
List the prime factors of 2941.
17, 173
What are the prime factors of 4619?
31, 149
List the prime factors of 5021.
5021
What are the prime factors of 59386?
2, 23, 1291
What are the prime factors of 65243?
53, 1231
What are the prime factors of 3391?
3391
What are the prime factors of 146359?
146359
List the prime factors of 5348.
2, 7, 191
List the prime factors of 6009.
3, 2003
What are the prime factors of 48017?
48017
List the prime factors of 48548.
2, 53, 229
List the prime fac